{"id":741,"date":"2018-03-03T14:30:30","date_gmt":"2018-03-03T17:30:30","guid":{"rendered":"https:\/\/savalfg.cl\/2017\/?page_id=741"},"modified":"2022-12-29T09:27:21","modified_gmt":"2022-12-29T12:27:21","slug":"contratos","status":"publish","type":"page","link":"https:\/\/savalfg.cl\/2017\/documentos\/contratos\/","title":{"rendered":"Contratos"},"content":{"rendered":"\t\t<div data-elementor-type=\"wp-page\" data-elementor-id=\"741\" class=\"elementor elementor-741\">\n\t\t\t\t\t\t\t\t\t<section class=\"elementor-section elementor-top-section elementor-element elementor-element-afcd899 animated-slow elementor-section-boxed elementor-section-height-default elementor-section-height-default elementor-invisible\" data-id=\"afcd899\" data-element_type=\"section\" data-settings=\"{&quot;animation&quot;:&quot;fadeIn&quot;}\">\n\t\t\t\t\t\t<div class=\"elementor-container elementor-column-gap-default\">\n\t\t\t\t\t<div class=\"elementor-column elementor-col-50 elementor-top-column elementor-element elementor-element-cca245f\" data-id=\"cca245f\" data-element_type=\"column\">\n\t\t\t<div class=\"elementor-widget-wrap elementor-element-populated\">\n\t\t\t\t\t\t\t\t<div class=\"elementor-element elementor-element-7a3996f animated-slow elementor-invisible elementor-widget elementor-widget-text-editor\" data-id=\"7a3996f\" data-element_type=\"widget\" data-settings=\"{&quot;_animation&quot;:&quot;slideInLeft&quot;}\" data-widget_type=\"text-editor.default\">\n\t\t\t\t<div class=\"elementor-widget-container\">\n\t\t\t<style>\/*! elementor - v3.9.1 - 14-12-2022 *\/\n.elementor-widget-text-editor.elementor-drop-cap-view-stacked .elementor-drop-cap{background-color:#818a91;color:#fff}.elementor-widget-text-editor.elementor-drop-cap-view-framed .elementor-drop-cap{color:#818a91;border:3px solid;background-color:transparent}.elementor-widget-text-editor:not(.elementor-drop-cap-view-default) .elementor-drop-cap{margin-top:8px}.elementor-widget-text-editor:not(.elementor-drop-cap-view-default) .elementor-drop-cap-letter{width:1em;height:1em}.elementor-widget-text-editor .elementor-drop-cap{float:left;text-align:center;line-height:1;font-size:50px}.elementor-widget-text-editor .elementor-drop-cap-letter{display:inline-block}<\/style>\t\t\t\t<p><span style=\"font-size: large;\">FORMATOS DE CONTRATO DE TRABAJADOR AGR\u00cdCOLA, OPERADOR DE MAQUINARIA AGR\u00cdCOLAS Y ORDE\u00d1AS QUE CUMPLEN CON LAS NORMATIVAS VIGENTES<\/span><\/p>\t\t\t\t\t\t<\/div>\n\t\t\t\t<\/div>\n\t\t\t\t\t<\/div>\n\t\t<\/div>\n\t\t\t\t<div class=\"elementor-column elementor-col-50 elementor-top-column elementor-element elementor-element-8656b4c animated-slow elementor-invisible\" data-id=\"8656b4c\" data-element_type=\"column\" data-settings=\"{&quot;animation&quot;:&quot;slideInRight&quot;}\">\n\t\t\t<div class=\"elementor-widget-wrap elementor-element-populated\">\n\t\t\t\t\t\t\t\t<div class=\"elementor-element elementor-element-c3a7f9f elementor-widget elementor-widget-text-editor\" data-id=\"c3a7f9f\" data-element_type=\"widget\" data-widget_type=\"text-editor.default\">\n\t\t\t\t<div class=\"elementor-widget-container\">\n\t\t\t\t\t\t\t<p><span style=\"font-size: large;\"><a href=\"https:\/\/savalfg.cl\/2017\/wp-content\/uploads\/2018\/03\/CONTRATO-ORDE\u00d1ADOR.doc\">CONTRATO ORDE\u00d1ADOR<\/a><\/span><\/p><p><span style=\"font-size: large;\"><a href=\"https:\/\/savalfg.cl\/2017\/wp-content\/uploads\/2018\/03\/CONTRATO-TRABAJADOR-AGRICOLA.doc\">CONTRATO TRABAJADOR AGRICOLA<\/a><\/span><\/p><p><span style=\"font-size: large;\"><a href=\"https:\/\/savalfg.cl\/2017\/wp-content\/uploads\/2018\/03\/CONTRATO-TRABAJADOR-MAQUINARIA-AGRICOLA.doc\">CONTRATO TRABAJADOR MAQUINARIA AGRICOLA<\/a><\/span><\/p>\t\t\t\t\t\t<\/div>\n\t\t\t\t<\/div>\n\t\t\t\t\t<\/div>\n\t\t<\/div>\n\t\t\t\t\t\t\t<\/div>\n\t\t<\/section>\n\t\t\t\t\t\t\t<\/div>\n\t\t\n<div class=\"twitter-share\"><a href=\"https:\/\/twitter.com\/intent\/tweet?via=savalfg\" class=\"twitter-share-button\" data-size=\"large\">Twittear<\/a><\/div>\n","protected":false},"excerpt":{"rendered":"<p>FORMATOS DE CONTRATO DE TRABAJADOR AGR\u00cdCOLA, OPERADOR DE MAQUINARIA AGR\u00cdCOLAS Y ORDE\u00d1AS QUE CUMPLEN CON LAS NORMATIVAS VIGENTES CONTRATO ORDE\u00d1ADOR CONTRATO TRABAJADOR AGRICOLA CONTRATO TRABAJADOR MAQUINARIA AGRICOLA<\/p>\n","protected":false},"author":7,"featured_media":0,"parent":281,"menu_order":0,"comment_status":"closed","ping_status":"closed","template":"elementor_header_footer","meta":{"disable_featured_image":false},"post_mailing_queue_ids":[],"_links":{"self":[{"href":"https:\/\/savalfg.cl\/2017\/wp-json\/wp\/v2\/pages\/741"}],"collection":[{"href":"https:\/\/savalfg.cl\/2017\/wp-json\/wp\/v2\/pages"}],"about":[{"href":"https:\/\/savalfg.cl\/2017\/wp-json\/wp\/v2\/types\/page"}],"author":[{"embeddable":true,"href":"https:\/\/savalfg.cl\/2017\/wp-json\/wp\/v2\/users\/7"}],"replies":[{"embeddable":true,"href":"https:\/\/savalfg.cl\/2017\/wp-json\/wp\/v2\/comments?post=741"}],"version-history":[{"count":19,"href":"https:\/\/savalfg.cl\/2017\/wp-json\/wp\/v2\/pages\/741\/revisions"}],"predecessor-version":[{"id":5412,"href":"https:\/\/savalfg.cl\/2017\/wp-json\/wp\/v2\/pages\/741\/revisions\/5412"}],"up":[{"embeddable":true,"href":"https:\/\/savalfg.cl\/2017\/wp-json\/wp\/v2\/pages\/281"}],"wp:attachment":[{"href":"https:\/\/savalfg.cl\/2017\/wp-json\/wp\/v2\/media?parent=741"}],"curies":[{"name":"wp","href":"https:\/\/api.w.org\/{rel}","templated":true}]}}